{"id":3667,"date":"2020-10-28T13:50:13","date_gmt":"2020-10-28T12:50:13","guid":{"rendered":"http:\/\/brandexponents.com\/oshin\/v30\/?page_id=4"},"modified":"2020-11-26T14:40:38","modified_gmt":"2020-11-26T13:40:38","slug":"portraits","status":"publish","type":"page","link":"https:\/\/patrickfournial.com\/New\/portraits\/","title":{"rendered":"Portraits"},"content":{"rendered":"<div  class=\"tatsu-PgpvrkNvnb tatsu-section  tatsu-bg-overlay   tatsu-clearfix\" data-title=\"\"  data-headerscheme=\"background--dark\"><div class='tatsu-section-pad clearfix' data-padding='{\"d\":\"0px 0px 9px 0px\"}' data-padding-top='0px'><div class=\"tatsu-row-wrap  tatsu-wrap tatsu-row-one-col tatsu-row-has-one-cols tatsu-medium-gutter tatsu-reg-cols  tatsu-clearfix tatsu-JNuphH3mCJ\" ><div  class=\"tatsu-row \" ><div  class=\"tatsu-column  tatsu-bg-overlay tatsu-one-col tatsu-column-image-none tatsu-column-effect-none  tatsu-cBCbo4tMJ\"  data-parallax-speed=\"0\" style=\"\"><div class=\"tatsu-column-inner \" ><div class=\"tatsu-column-pad-wrap\"><div class=\"tatsu-column-pad\" ><div  class = \"portfolio-all-wrap oshine-portfolio-module tatsu-eU3AMXdZi\"  > <style>.tatsu-eU3AMXdZi{margin: 50px 0px 80px 0px;}<\/style><div class=\"portfolio full-screen  portfolio-lazy-load full-screen-gutter masonry_enable style1-gutter three-col \"  data-action=\"get_ajax_full_screen_gutter_portfolio\" data-category=\"portraits\" data-aspect-ratio = \"1.6\" data-enable-masonry=\"1\" data-showposts=\"18\" data-paged=\"2\" data-col=\"three\" data-gallery=\"0\" data-filter=\"portfolio_categories\" data-meta_to_show=\"portfolio_categories\" data-show_filters=\"no\" data-thumbnail-bg-color=\"\" data-thumbnail-bg-gradient=\"background:rgba(9,38,33,0.93)\" data-title-style=\"style1\" data-placeholder-color=\"\" data-cat-color=\"\" data-title-color=\"\" data-hover-style=\"style1-hover\" data-gutter-width=\"30\" data-img-grayscale=\"c_to_c\"\" data-gradient-style-color=\"background:rgba(9,38,33,0.93)\" data-cat-hide=\"1\" data-like-indicator=\"1\" style=\"margin-right: 30px;\"><div class=\"portfolio-container clickable clearfix portfolio-shortcode  none \"><div class=\"element be-hoverlay not-wide no-wide-width-height style1-hover c_to_c style1-title\"style=\"margin-bottom: 30px;\" data-category-names = \"\"><div class=\"element-inner\" style=\"margin-left: 30px;\"><a href=\"https:\/\/patrickfournial.com\/New\/portfolio\/les-europeens\/\" class=\" thumb-wrap   \" data-gdpr-atts={} title=\"les-Gdanskois-03\" ><div class=\"flip-wrap\" ><div data-aspect-ratio=\"0.83\"  style = \"padding-bottom : 120.48387096774%;;\" class=\"flip-img-wrap\"><img src=\"https:\/\/patrickfournial.com\/New\/wp-content\/uploads\/2020\/11\/les-Gdanskois-03.jpg\" alt=\"une violoniste dans les rues de Gdansk\"\/><\/div><\/div><div class=\"thumb-overlay \"><div class=\"thumb-bg \" style=\"background:rgba(9,38,33,0.93)\"><div class=\"thumb-title-wrap \"><div class=\"thumb-title animated animation-trigger\" data-animation-type=\"none\">les Europ\u00e9ens<\/div><\/div><\/div><\/div><\/a><\/div><\/div><div class=\"element be-hoverlay not-wide no-wide-width-height style1-hover c_to_c style1-title\"style=\"margin-bottom: 30px;\" data-category-names = \"\"><div class=\"element-inner\" style=\"margin-left: 30px;\"><a href=\"https:\/\/patrickfournial.com\/New\/portfolio\/les-japonais\/\" class=\" thumb-wrap   \" data-gdpr-atts={} title=\"les-Kansaites-05\" ><div class=\"flip-wrap\" ><div data-aspect-ratio=\"0.67\"  style = \"padding-bottom : 150%;;\" class=\"flip-img-wrap\"><img src=\"https:\/\/patrickfournial.com\/New\/wp-content\/uploads\/2020\/11\/les-Kansaites-05.jpg\" alt=\"maizuru kansa\u00ef portrait 05\"\/><\/div><\/div><div class=\"thumb-overlay \"><div class=\"thumb-bg \" style=\"background:rgba(9,38,33,0.93)\"><div class=\"thumb-title-wrap \"><div class=\"thumb-title animated animation-trigger\" data-animation-type=\"none\">les Japonais<\/div><\/div><\/div><\/div><\/a><\/div><\/div><div class=\"element be-hoverlay not-wide no-wide-width-height style1-hover c_to_c style1-title\"style=\"margin-bottom: 30px;\" data-category-names = \"\"><div class=\"element-inner\" style=\"margin-left: 30px;\"><a href=\"https:\/\/patrickfournial.com\/New\/portfolio\/ondes\/\" class=\" thumb-wrap   \" data-gdpr-atts={} title=\"dans-l'eau-11\" ><div class=\"flip-wrap\" ><div data-aspect-ratio=\"0.82\"  style = \"padding-bottom : 121.96620583717%;;\" class=\"flip-img-wrap\"><img src=\"https:\/\/patrickfournial.com\/New\/wp-content\/uploads\/2020\/11\/dans-leau-11.jpg\" alt=\"portrait s\u00e9rie dans l'eau 11\"\/><\/div><\/div><div class=\"thumb-overlay \"><div class=\"thumb-bg \" style=\"background:rgba(9,38,33,0.93)\"><div class=\"thumb-title-wrap \"><div class=\"thumb-title animated animation-trigger\" data-animation-type=\"none\">Ondes<\/div><\/div><\/div><\/div><\/a><\/div><\/div><div class=\"element be-hoverlay not-wide no-wide-width-height style1-hover c_to_c style1-title\"style=\"margin-bottom: 30px;\" data-category-names = \"\"><div class=\"element-inner\" style=\"margin-left: 30px;\"><a href=\"https:\/\/patrickfournial.com\/New\/portfolio\/reves-enfantins\/\" class=\" thumb-wrap   \" data-gdpr-atts={} title=\"Reves-enfantins-02\" ><div class=\"flip-wrap\" ><div data-aspect-ratio=\"1.48\"  style = \"padding-bottom : 67.3828125%;;\" class=\"flip-img-wrap\"><img src=\"https:\/\/patrickfournial.com\/New\/wp-content\/uploads\/2020\/11\/Reves-enfantins-02-650x438.jpg\" alt=\"le r\u00eave d'agn\u00e8s\"\/><\/div><\/div><div class=\"thumb-overlay \"><div class=\"thumb-bg \" style=\"background:rgba(9,38,33,0.93)\"><div class=\"thumb-title-wrap \"><div class=\"thumb-title animated animation-trigger\" data-animation-type=\"none\">R\u00eaves enfantins<\/div><\/div><\/div><\/div><\/a><\/div><\/div><div class=\"element be-hoverlay not-wide no-wide-width-height style1-hover c_to_c style1-title\"style=\"margin-bottom: 30px;\" data-category-names = \"\"><div class=\"element-inner\" style=\"margin-left: 30px;\"><a href=\"https:\/\/patrickfournial.com\/New\/portfolio\/double-face\/\" class=\" thumb-wrap   \" data-gdpr-atts={} title=\"Double-face-07\" ><div class=\"flip-wrap\" ><div data-aspect-ratio=\"0.61\"  style = \"padding-bottom : 163.9175257732%;;\" class=\"flip-img-wrap\"><img src=\"https:\/\/patrickfournial.com\/New\/wp-content\/uploads\/2020\/11\/Double-face-07.jpg\" alt=\"portrait relief s\u00e9rie double face 07\"\/><\/div><\/div><div class=\"thumb-overlay \"><div class=\"thumb-bg \" style=\"background:rgba(9,38,33,0.93)\"><div class=\"thumb-title-wrap \"><div class=\"thumb-title animated animation-trigger\" data-animation-type=\"none\">Double Face<\/div><\/div><\/div><\/div><\/a><\/div><\/div><div class=\"element be-hoverlay not-wide no-wide-width-height style1-hover c_to_c style1-title\"style=\"margin-bottom: 30px;\" data-category-names = \"\"><div class=\"element-inner\" style=\"margin-left: 30px;\"><a href=\"https:\/\/patrickfournial.com\/New\/portfolio\/parentele\/\" class=\" thumb-wrap   \" data-gdpr-atts={} title=\"Parentele-05\" ><div class=\"flip-wrap\" ><div data-aspect-ratio=\"0.63\"  style = \"padding-bottom : 158.35051546392%;;\" class=\"flip-img-wrap\"><img src=\"https:\/\/patrickfournial.com\/New\/wp-content\/uploads\/2020\/11\/Parentele-05.jpg\" alt=\"portrait la parent\u00e8le 05\"\/><\/div><\/div><div class=\"thumb-overlay \"><div class=\"thumb-bg \" style=\"background:rgba(9,38,33,0.93)\"><div class=\"thumb-title-wrap \"><div class=\"thumb-title animated animation-trigger\" data-animation-type=\"none\">Parent\u00e8le<\/div><\/div><\/div><\/div><\/a><\/div><\/div><div class=\"element be-hoverlay not-wide no-wide-width-height style1-hover c_to_c style1-title\"style=\"margin-bottom: 30px;\" data-category-names = \"\"><div class=\"element-inner\" style=\"margin-left: 30px;\"><a href=\"https:\/\/patrickfournial.com\/New\/portfolio\/les-pecheurs-de-coquillage-a-maree-basse\/\" class=\" thumb-wrap   \" data-gdpr-atts={} title=\"les-pecheurs-12\" ><div class=\"flip-wrap\" ><div data-aspect-ratio=\"0.67\"  style = \"padding-bottom : 150%;;\" class=\"flip-img-wrap\"><img src=\"https:\/\/patrickfournial.com\/New\/wp-content\/uploads\/2020\/11\/les-pecheurs-12.jpg\" alt=\"portrait s\u00e9rie les p\u00eacheurs 12\"\/><\/div><\/div><div class=\"thumb-overlay \"><div class=\"thumb-bg \" style=\"background:rgba(9,38,33,0.93)\"><div class=\"thumb-title-wrap \"><div class=\"thumb-title animated animation-trigger\" data-animation-type=\"none\">les P\u00eacheurs<\/div><\/div><\/div><\/div><\/a><\/div><\/div><div class=\"element be-hoverlay not-wide no-wide-width-height style1-hover c_to_c style1-title\"style=\"margin-bottom: 30px;\" data-category-names = \"\"><div class=\"element-inner\" style=\"margin-left: 30px;\"><a href=\"https:\/\/patrickfournial.com\/New\/portfolio\/plage-de-trebeurden-portrait-un-jour-de-brouillard\/\" class=\" thumb-wrap   \" data-gdpr-atts={} title=\"Trebeurden-11\" ><div class=\"flip-wrap\" ><div data-aspect-ratio=\"0.67\"  style = \"padding-bottom : 150%;;\" class=\"flip-img-wrap\"><img src=\"https:\/\/patrickfournial.com\/New\/wp-content\/uploads\/2020\/11\/Trebeurden-11.jpg\" alt=\"portrait plage tr\u00e9beurden 11\"\/><\/div><\/div><div class=\"thumb-overlay \"><div class=\"thumb-bg \" style=\"background:rgba(9,38,33,0.93)\"><div class=\"thumb-title-wrap \"><div class=\"thumb-title animated animation-trigger\" data-animation-type=\"none\">Plage de Tr\u00e9beurden<\/div><\/div><\/div><\/div><\/a><\/div><\/div><div class=\"element be-hoverlay not-wide no-wide-width-height style1-hover c_to_c style1-title\"style=\"margin-bottom: 30px;\" data-category-names = \"\"><div class=\"element-inner\" style=\"margin-left: 30px;\"><a href=\"https:\/\/patrickfournial.com\/New\/portfolio\/randonneurs-ete-en-montagne\/\" class=\" thumb-wrap   \" data-gdpr-atts={} title=\"les-randonneurs-07\" ><div class=\"flip-wrap\" ><div data-aspect-ratio=\"0.67\"  style = \"padding-bottom : 150%;;\" class=\"flip-img-wrap\"><img src=\"https:\/\/patrickfournial.com\/New\/wp-content\/uploads\/2020\/11\/les-randonneurs-07.jpg\" alt=\"portrait famille randonneurs 07\"\/><\/div><\/div><div class=\"thumb-overlay \"><div class=\"thumb-bg \" style=\"background:rgba(9,38,33,0.93)\"><div class=\"thumb-title-wrap \"><div class=\"thumb-title animated animation-trigger\" data-animation-type=\"none\">les Randonneurs<\/div><\/div><\/div><\/div><\/a><\/div><\/div><div class=\"element be-hoverlay not-wide no-wide-width-height style1-hover c_to_c style1-title\"style=\"margin-bottom: 30px;\" data-category-names = \"\"><div class=\"element-inner\" style=\"margin-left: 30px;\"><a href=\"https:\/\/patrickfournial.com\/New\/portfolio\/au-feu-attente-pietons\/\" class=\" thumb-wrap   \" data-gdpr-atts={} title=\"Ped-Xing-NY-03\" ><div class=\"flip-wrap\" ><div data-aspect-ratio=\"1.78\"  style = \"padding-bottom : 56.25%;;\" class=\"flip-img-wrap\"><img src=\"https:\/\/patrickfournial.com\/New\/wp-content\/uploads\/2020\/11\/Ped-Xing-NY-03-650x366.jpg\" alt=\"portrait foule passage pi\u00e9tons new-york 03\"\/><\/div><\/div><div class=\"thumb-overlay \"><div class=\"thumb-bg \" style=\"background:rgba(9,38,33,0.93)\"><div class=\"thumb-title-wrap \"><div class=\"thumb-title animated animation-trigger\" data-animation-type=\"none\">Ped-Xing<\/div><\/div><\/div><\/div><\/a><\/div><\/div><\/div><\/div><\/div><\/div><\/div><div class = \"tatsu-column-bg-image-wrap\"><div class = \"tatsu-column-bg-image\" ><\/div><\/div><div class=\"tatsu-overlay tatsu-column-overlay tatsu-animate-none\" ><\/div><\/div><style>.tatsu-row > .tatsu-cBCbo4tMJ.tatsu-column{width: 100%;}.tatsu-cBCbo4tMJ.tatsu-column > .tatsu-column-inner > .tatsu-column-overlay{mix-blend-mode: normal;}.tatsu-cBCbo4tMJ > .tatsu-column-inner > .tatsu-top-divider{z-index: 9999;}.tatsu-cBCbo4tMJ > .tatsu-column-inner > .tatsu-bottom-divider{z-index: 9999;}.tatsu-cBCbo4tMJ > .tatsu-column-inner > .tatsu-left-divider{z-index: 9999;}.tatsu-cBCbo4tMJ > .tatsu-column-inner > .tatsu-right-divider{z-index: 9999;}@media only screen and (max-width:1377px) {.tatsu-row > .tatsu-cBCbo4tMJ.tatsu-column{width: 100%;}}@media only screen and (min-width:768px) and (max-width: 1024px) {.tatsu-row > .tatsu-cBCbo4tMJ.tatsu-column{width: 100%;}}@media only screen and (max-width: 767px) {.tatsu-row > .tatsu-cBCbo4tMJ.tatsu-column{width: 100%;}}<\/style><\/div><\/div><\/div><\/div><div class=\"tatsu-section-background-wrap\"><div class = \"tatsu-section-background\" ><\/div><\/div><div class=\"tatsu-overlay tatsu-section-overlay\"><\/div><style>.tatsu-PgpvrkNvnb .tatsu-section-pad{padding: 0px 0px 9px 0px;}.tatsu-PgpvrkNvnb .tatsu-section-offset-wrap{transform: translateY(-0px);}.tatsu-PgpvrkNvnb > .tatsu-bottom-divider{z-index: 9999;}.tatsu-PgpvrkNvnb > .tatsu-top-divider{z-index: 9999;}.tatsu-PgpvrkNvnb .tatsu-section-overlay{mix-blend-mode: normal;}<\/style><\/div>\n","protected":false},"excerpt":{"rendered":"<p><a href=\"https:\/\/patrickfournial.com\/New\/portfolio\/au-feu-attente-pietons\/\" class=\"more-link style1-button\">Read More<\/a><\/p>","protected":false},"author":1,"featured_media":0,"parent":0,"menu_order":0,"comment_status":"closed","ping_status":"closed","template":"","meta":[],"yoast_head":"<!-- This site is optimized with the Yoast SEO plugin v18.4.1 - https:\/\/yoast.com\/wordpress\/plugins\/seo\/ -->\n<title>Patrick Fournial - Portraits - Les Europ\u00e9ens et quantit\u00e9 d&#039;autres s\u00e9rie<\/title>\n<meta name=\"description\" content=\"S\u00e9ries de Portraits documentaires Europ\u00e9ens, Ondes, Plages, Randonneurs, R\u00eaves enfantins, Parent\u00e8le, Double-face...\" \/>\n<meta name=\"robots\" content=\"index, follow, max-snippet:-1, max-image-preview:large, max-video-preview:-1\" \/>\n<link rel=\"canonical\" href=\"https:\/\/patrickfournial.com\/New\/portraits\/\" \/>\n<meta property=\"og:locale\" content=\"fr_FR\" \/>\n<meta property=\"og:type\" content=\"article\" \/>\n<meta property=\"og:title\" content=\"Patrick Fournial - Portraits - Les Europ\u00e9ens et quantit\u00e9 d&#039;autres s\u00e9rie\" \/>\n<meta property=\"og:description\" content=\"S\u00e9ries de Portraits documentaires Europ\u00e9ens, Ondes, Plages, Randonneurs, R\u00eaves enfantins, Parent\u00e8le, Double-face...\" \/>\n<meta property=\"og:url\" content=\"https:\/\/patrickfournial.com\/New\/portraits\/\" \/>\n<meta property=\"og:site_name\" content=\"Patrick Fournial\" \/>\n<meta property=\"article:modified_time\" content=\"2020-11-26T13:40:38+00:00\" \/>\n<meta name=\"twitter:card\" content=\"summary_large_image\" \/>\n<meta name=\"twitter:label1\" content=\"Dur\u00e9e de lecture estim\u00e9e\" \/>\n\t<meta name=\"twitter:data1\" content=\"3 minutes\" \/>\n<script type=\"application\/ld+json\" class=\"yoast-schema-graph\">{\"@context\":\"https:\/\/schema.org\",\"@graph\":[{\"@type\":[\"Person\",\"Organization\"],\"@id\":\"https:\/\/patrickfournial.com\/New\/#\/schema\/person\/cfc14d758c98f3f2b4415f4ee9101a80\",\"name\":\"PATRICK FOURNIAL\",\"image\":{\"@type\":\"ImageObject\",\"@id\":\"https:\/\/patrickfournial.com\/New\/#personlogo\",\"inLanguage\":\"fr-FR\",\"url\":\"https:\/\/patrickfournial.com\/New\/wp-content\/uploads\/2023\/03\/Portrait-PF2.jpg\",\"contentUrl\":\"https:\/\/patrickfournial.com\/New\/wp-content\/uploads\/2023\/03\/Portrait-PF2.jpg\",\"width\":1299,\"height\":1299,\"caption\":\"PATRICK FOURNIAL\"},\"logo\":{\"@id\":\"https:\/\/patrickfournial.com\/New\/#personlogo\"},\"sameAs\":[\"http:\/\/patrickfournia.cluster1.easy-hebergement.net\/New\"]},{\"@type\":\"WebSite\",\"@id\":\"https:\/\/patrickfournial.com\/New\/#website\",\"url\":\"https:\/\/patrickfournial.com\/New\/\",\"name\":\"Patrick Fournial\",\"description\":\"Galerie travaux Photo &amp; Vid\u00e9o de Patrick Fournial\",\"publisher\":{\"@id\":\"https:\/\/patrickfournial.com\/New\/#\/schema\/person\/cfc14d758c98f3f2b4415f4ee9101a80\"},\"potentialAction\":[{\"@type\":\"SearchAction\",\"target\":{\"@type\":\"EntryPoint\",\"urlTemplate\":\"https:\/\/patrickfournial.com\/New\/?s={search_term_string}\"},\"query-input\":\"required name=search_term_string\"}],\"inLanguage\":\"fr-FR\"},{\"@type\":\"WebPage\",\"@id\":\"https:\/\/patrickfournial.com\/New\/portraits\/#webpage\",\"url\":\"https:\/\/patrickfournial.com\/New\/portraits\/\",\"name\":\"Patrick Fournial - Portraits - Les Europ\u00e9ens et quantit\u00e9 d'autres s\u00e9rie\",\"isPartOf\":{\"@id\":\"https:\/\/patrickfournial.com\/New\/#website\"},\"datePublished\":\"2020-10-28T12:50:13+00:00\",\"dateModified\":\"2020-11-26T13:40:38+00:00\",\"description\":\"S\u00e9ries de Portraits documentaires Europ\u00e9ens, Ondes, Plages, Randonneurs, R\u00eaves enfantins, Parent\u00e8le, Double-face...\",\"breadcrumb\":{\"@id\":\"https:\/\/patrickfournial.com\/New\/portraits\/#breadcrumb\"},\"inLanguage\":\"fr-FR\",\"potentialAction\":[{\"@type\":\"ReadAction\",\"target\":[\"https:\/\/patrickfournial.com\/New\/portraits\/\"]}]},{\"@type\":\"BreadcrumbList\",\"@id\":\"https:\/\/patrickfournial.com\/New\/portraits\/#breadcrumb\",\"itemListElement\":[{\"@type\":\"ListItem\",\"position\":1,\"name\":\"Accueil\",\"item\":\"https:\/\/patrickfournial.com\/New\/\"},{\"@type\":\"ListItem\",\"position\":2,\"name\":\"Portraits\"}]}]}<\/script>\n<!-- \/ Yoast SEO plugin. -->","yoast_head_json":{"title":"Patrick Fournial - Portraits - Les Europ\u00e9ens et quantit\u00e9 d'autres s\u00e9rie","description":"S\u00e9ries de Portraits documentaires Europ\u00e9ens, Ondes, Plages, Randonneurs, R\u00eaves enfantins, Parent\u00e8le, Double-face...","robots":{"index":"index","follow":"follow","max-snippet":"max-snippet:-1","max-image-preview":"max-image-preview:large","max-video-preview":"max-video-preview:-1"},"canonical":"https:\/\/patrickfournial.com\/New\/portraits\/","og_locale":"fr_FR","og_type":"article","og_title":"Patrick Fournial - Portraits - Les Europ\u00e9ens et quantit\u00e9 d'autres s\u00e9rie","og_description":"S\u00e9ries de Portraits documentaires Europ\u00e9ens, Ondes, Plages, Randonneurs, R\u00eaves enfantins, Parent\u00e8le, Double-face...","og_url":"https:\/\/patrickfournial.com\/New\/portraits\/","og_site_name":"Patrick Fournial","article_modified_time":"2020-11-26T13:40:38+00:00","twitter_card":"summary_large_image","twitter_misc":{"Dur\u00e9e de lecture estim\u00e9e":"3 minutes"},"schema":{"@context":"https:\/\/schema.org","@graph":[{"@type":["Person","Organization"],"@id":"https:\/\/patrickfournial.com\/New\/#\/schema\/person\/cfc14d758c98f3f2b4415f4ee9101a80","name":"PATRICK FOURNIAL","image":{"@type":"ImageObject","@id":"https:\/\/patrickfournial.com\/New\/#personlogo","inLanguage":"fr-FR","url":"https:\/\/patrickfournial.com\/New\/wp-content\/uploads\/2023\/03\/Portrait-PF2.jpg","contentUrl":"https:\/\/patrickfournial.com\/New\/wp-content\/uploads\/2023\/03\/Portrait-PF2.jpg","width":1299,"height":1299,"caption":"PATRICK FOURNIAL"},"logo":{"@id":"https:\/\/patrickfournial.com\/New\/#personlogo"},"sameAs":["http:\/\/patrickfournia.cluster1.easy-hebergement.net\/New"]},{"@type":"WebSite","@id":"https:\/\/patrickfournial.com\/New\/#website","url":"https:\/\/patrickfournial.com\/New\/","name":"Patrick Fournial","description":"Galerie travaux Photo &amp; Vid\u00e9o de Patrick Fournial","publisher":{"@id":"https:\/\/patrickfournial.com\/New\/#\/schema\/person\/cfc14d758c98f3f2b4415f4ee9101a80"},"potentialAction":[{"@type":"SearchAction","target":{"@type":"EntryPoint","urlTemplate":"https:\/\/patrickfournial.com\/New\/?s={search_term_string}"},"query-input":"required name=search_term_string"}],"inLanguage":"fr-FR"},{"@type":"WebPage","@id":"https:\/\/patrickfournial.com\/New\/portraits\/#webpage","url":"https:\/\/patrickfournial.com\/New\/portraits\/","name":"Patrick Fournial - Portraits - Les Europ\u00e9ens et quantit\u00e9 d'autres s\u00e9rie","isPartOf":{"@id":"https:\/\/patrickfournial.com\/New\/#website"},"datePublished":"2020-10-28T12:50:13+00:00","dateModified":"2020-11-26T13:40:38+00:00","description":"S\u00e9ries de Portraits documentaires Europ\u00e9ens, Ondes, Plages, Randonneurs, R\u00eaves enfantins, Parent\u00e8le, Double-face...","breadcrumb":{"@id":"https:\/\/patrickfournial.com\/New\/portraits\/#breadcrumb"},"inLanguage":"fr-FR","potentialAction":[{"@type":"ReadAction","target":["https:\/\/patrickfournial.com\/New\/portraits\/"]}]},{"@type":"BreadcrumbList","@id":"https:\/\/patrickfournial.com\/New\/portraits\/#breadcrumb","itemListElement":[{"@type":"ListItem","position":1,"name":"Accueil","item":"https:\/\/patrickfournial.com\/New\/"},{"@type":"ListItem","position":2,"name":"Portraits"}]}]}},"_links":{"self":[{"href":"https:\/\/patrickfournial.com\/New\/wp-json\/wp\/v2\/pages\/3667"}],"collection":[{"href":"https:\/\/patrickfournial.com\/New\/wp-json\/wp\/v2\/pages"}],"about":[{"href":"https:\/\/patrickfournial.com\/New\/wp-json\/wp\/v2\/types\/page"}],"author":[{"embeddable":true,"href":"https:\/\/patrickfournial.com\/New\/wp-json\/wp\/v2\/users\/1"}],"replies":[{"embeddable":true,"href":"https:\/\/patrickfournial.com\/New\/wp-json\/wp\/v2\/comments?post=3667"}],"version-history":[{"count":30,"href":"https:\/\/patrickfournial.com\/New\/wp-json\/wp\/v2\/pages\/3667\/revisions"}],"predecessor-version":[{"id":4046,"href":"https:\/\/patrickfournial.com\/New\/wp-json\/wp\/v2\/pages\/3667\/revisions\/4046"}],"wp:attachment":[{"href":"https:\/\/patrickfournial.com\/New\/wp-json\/wp\/v2\/media?parent=3667"}],"curies":[{"name":"wp","href":"https:\/\/api.w.org\/{rel}","templated":true}]}}